).
-25
Let m(h) = 3930*h - 632747. Calculate m(161).
-17
Let o(n) = 82*n**3 - 17*n**2 - 13*n + 39. Give o(-2).
-659
Let k(i) = -2714*i + 287690. Determine k(106).
6
Let t(n) = 4*n**3 - 17*n**2 - 24681*n + 123340. What is t(5)?
10
Let n(d) = -263*d - 9186. Give n(-35).
19
Let f(p) = 12*p**2 + 872*p - 595. Calculate f(-79).
5409
Let w(o) = 83255*o + 83246. Calculate w(-1).
-9
Let g(p) = 2*p**3 - p**2 - 337*p + 2176. What is g(7)?
454
Let c(v) = -119*v - 4161. What is c(-35)?
4
Let q(s) = -3387*s - 3193984. Calculate q(-943).
-43
Let g(n) = -n**2 - 1760*n + 981244. What is g(445)?
19
Let n(y) = -5*y**3 - 8*y**2 - 27570*y - 55132. What is n(-2)?
16
Let i(d) = -91*d**2 + 30463*d + 7308. Determine i(335).
-62
Let p(g) = -420435*g + 8829136. Determine p(21).
1
Let m(g) = -4201*g + 56011. Determine m(15).
-7004
Let g(q) = 26*q**2 + 13040*q - 6021. Give g(-502).
3
Let f(n) = -1195*n + 3736. Give f(4).
-1044
Let i(t) = 314*t**3 + t**2 - 1732*t - 3460. Calculate i(-2).
-2504
Let y(c) = -3598*c**2 + 880*c - 877. Determine y(1).
-3595
Let h(f) = -527*f + 289841. Determine h(550).
-9
Let y(n) = 257*n - 16054. Calculate y(59).
-891
Let y(t) = -3384*t + 72528. Give y(22).
-1920
Let j(x) = -x**2 - 60769*x + 364646. Give j(6).
-4
Let l(t) = -t**3 - 12*t**2 + 430*t + 279. Calculate l(16).
-9
Let o(u) = -1352*u - 8165. Give o(-5).
-1405
Let o(t) = -496*t + 244. What is o(-1)?
740
Let p(b) = b**3 - 139*b**2 + 801*b - 196351. Calculate p(143).
-12
Let c(q) = -12*q**2 + 36*q - 28. What is c(7)?
-364
Let u(a) = 17898*a + 11275743. Give u(-630).
3
Let o(h) = -15*h**2 - 3261*h - 19626. Calculate o(-6).
-600
Let h(u) = -15*u**3 + 14*u**2 - 4*u + 19. Calculate h(-4).
1219
Let g(v) = -358*v + 252. Determine g(-1).
610
Let u(t) = -35*t**3 + t**2 - 26650*t - 26650. Determine u(-1).
36
Let s(w) = 175*w - 5689. Determine s(37).
786
Let k(o) = -1962*o + 3545. Calculate k(2).
-379
Let s(o) = 27*o**3 - 247*o**2 + 14*o + 211. Give s(9).
13
Let j(l) = -l**3 + 106*l**2 + 289*l + 4595. Give j(109).
453
Let m(z) = -444*z - 18659. Determine m(-42).
-11
Let y(q) = q**3 + 1815*q**2 + 7251*q + 14. Calculate y(-4).
-14
Let a(t) = -18437*t + 37170. Calculate a(2).
296
Let x(p) = 1115*p + 41268. What is x(-37)?
13
Let y(q) = 4*q**3 - 50*q**2 + 50*q - 482. Give y(13).
506
Let k(u) = 47*u**2 - 31*u - 23. Calculate k(-3).
493
Let g(a) = 3*a**2 + 5584*a + 72054. Give g(-13).
-31
Let h(t) = 3*t**3 - 523*t**2 + 175*t - 318. Determine h(174).
-144
Let j(l) = -3*l**2 + 266036*l + 5055771. Determine j(-19).
4
Let o(l) = -4*l**3 + 453*l**2 - 1000*l - 134. Determine o(111).
-245
Let b(m) = -134466*m + 806795. What is b(6)?
-1
Let h(y) = -2*y**2 - 329*y + 81068. Give h(-301).
-1105
Let l(z) = -2879*z - 1010615. What is l(-351)?
-86
Let z(c) = 26*c**2 - 271*c - 2338. Give z(-9).
2207
Let c(m) = -4*m**3 - 102*m**2 - 46*m - 237. Calculate c(-24).
-2589
Let b(k) = 1175*k + 580. What is b(-3)?
-2945
Let l(a) = 3212*a + 6479. Calculate l(-2).
55
Let l(y) = 2*y**3 + 196*y**2 - 3035*y + 7. Determine l(13).
-1930
Let g(u) = 7504*u + 22478. Calculate g(-3).
-34
Let s(j) = -j**3 - 34*j**2 - 467*j - 14759. Determine s(-34).
1119
Let y(j) = -39*j**2 + 94*j + 1659. Calculate y(-6).
-309
Let o(m) = -m**3 - 758*m**2 - 12610*m - 220. Calculate o(-17).
1
Let f(q) = 867*q**2 + 69362*q + 159. Give f(-80).
-1
Let o(d) = d**3 - 96*d**2 + 250*d - 43940. Determine o(98).
-232
Let q(i) = 52583*i - 315511. What is q(6)?
-13
Let a(w) = 145428*w + 581785. Determine a(-4).
73
Let o(i) = -2*i**2 + 852*i + 51842. Give o(-54).
2
Let z(r) = -131*r**2 + 248*r - 9. Calculate z(-1).
-388
Let y(n) = n**3 - 10*n**2 - 3401*n + 37291. Give y(11).
1
Let m(h) = 2*h**3 + 136*h**2 + 1740*h + 3938. Give m(-52).
-14
Let x(i) = 5623*i + 258664. Give x(-46).
6
Let z(h) = -79369*h + 396828. Calculate z(5).
-17
Let n(v) = -230*v**2 + 99*v + 28. Determine n(3).
-1745
Let f(k) = k**3 - 205*k**2 - 414*k - 86. Give f(207).
-86
Let z(u) = -148*u - 7110. Calculate z(-47).
-154
Let f(i) = -379*i - 36. Calculate f(2).
-794
Let s(o) = 86*o - 37. Determine s(11).
909
Let t(y) = 28795*y - 85010. Determine t(3).
1375
Let d(x) = x**3 + 20*x**2 - 6971*x + 1125. What is d(74)?
15
Let v(a) = 2*a**3 - 49*a**2 - 809*a + 19941. What is v(24)?
-51
Let a(r) = -105*r**3 + 941*r**2 + 14*r + 1. Calculate a(9).
-197
Let p(b) = 170977*b - 3419563. Calculate p(20).
-23
Let j(d) = 3428*d + 32968. Determine j(-9).
2116
Let z(a) = 26*a**2 - 931*a + 7926. Give z(14).
-12
Let t(d) = -d**3 - 1368*d**2 - 4184*d - 121470. Determine t(-1365).
15
Let g(v) = -13*v**2 + 16*v + 173. What is g(8)?
-531
Let y(i) = -529954*i - 7. Determine y(0).
-7
Let a(i) = -114*i - 707. Give a(-4).
-251
Let c(f) = 10*f**2 + 556*f - 92. Give c(-55).
-422
Let c(f) = f**3 + 9*f**2 + 42*f + 22. What is c(-4)?
-66
Let u(j) = -j - 491. Give u(-205).
-286
Let p(c) = -25871*c - 77605. Calculate p(-3).
8
Let f(x) = 3474*x + 48437. Determine f(-14).
-199
Let x(r) = 59463*r + 13438632. Calculate x(-226).
-6
Let l(d) = 98*d**2 - 3920*d - 9. Calculate l(40).
-9
Let n(i) = i**2 - 433*i - 140176. Determine n(-216).
8
Let y(z) = 26*z**3 + 124*z**2 - 149*z - 211. Determine y(2).
195
Let r(f) = -f**3 - 2*f**2 + 13*f - 183. Calculate r(7).
-533
Let d(t) = -2911*t + 90169. Determine d(31).
-72
Let m(b) = 3*b**2 + 192*b - 890. Give m(4).
-74
Let x(t) = 1454*t - 1126881. What is x(775)?
-31
Let p(x) = -x**3 - 23*x**2 - 112*x + 85. Give p(-18).
481
Let m(f) = -9*f**3 - 4*f**2 - 95*f - 162. Determine m(-2).
84
Let h(y) = 6*y**3 - 3*y**2 - 4964*y - 29720. Calculate h(-6).
-1340
Let m(q) = -20036*q + 280557. Give m(14).
53
Let f(z) = -1044*z + 88741. Give f(85).
1
Let s(w) = -6*w**2 + 93*w + 199. Determine s(-2).
-11
Let y(i) = i**3 + 388*i**2 + 12043*i + 2502. Calculate y(-354).
24
Let x(d) = 1508*d**2 + 4528*d - 7. Give x(-3).
-19
Let a(r) = 3*r**2 - 39795*r + 5629334. Give a(143).
-4
Let s(f) = 2*f**3 + 244*f**2 - 297*f - 6248. Calculate s(-123).
25
Let o(j) = 713*j**2 + 35651*j + 26. Calculate o(-50).
-24
Let f(s) = s**3 - 1230*s**2 + 502*s + 2399511. What is f(1228)?
-1
Let m(z) = -3957*z - 27772. What is m(-7)?
-73
Let b(t) = -t**2 + 895*t + 11512. Determine b(-13).
-292
Let h(u) = -104*u**2 - 300*u + 48. Calculate h(-3).
12
Let f(o) = 540*o - 301322. What is f(558)?
-2
Let o(m) = 516*m - 70717. What is o(135)?
-1057
Let r(w) = 17*w**2 - 382*w + 767. Calculate r(2).
71
Let d(r) = 38697*r + 464646. Give d(-12).
282
Let q(u) = 4*u**2 - 142*u - 41. Determine q(35).
-111
Let q(f) = 46*f**2 + 1065*f + 241. What is q(-23)?
80
Let q(s) = s**3 + 230*s**2 - 2628*s + 5492. Give q(-241).
-51
Let k(j) = 37*j**3 - 16*j**2 - 171*j - 279. What is k(-2)?
-297
Let w(u) = -62*u + 17939. Calculate w(289).
21
Let q(d) = 66*d**2 + 287*d + 454. Calculate q(-8).
2382
Let q(k) = -2*k**2 + 262*k - 5571. What is q(26)?
-111
Let q(n) = 8*n**2 + 326*n + 3225. Determine q(-17).
-5
Let m(p) = 2*p**2 - 216*p + 4541. Calculate m(29).
-41
Let b(z) = 275596*z**2 - 551191*z - 5. Determine b(2).
-3
Let s(y) = -23*y**3 - 415*y**2 + 441*y + 493. What is s(-19)?
56
Let u(k) = -6*k**2 - 1949*k - 39962. Determine u(-22).
12
Let u(i) = -i**3 + 155*i**2 - 6026*i + 121. What is u(81)?
-2471
Let m(z) = 1637*z - 140810. Give m(86).
-28
Let s(r) = r**3 + 288*r**2 - 666*r - 24971. What is s(-290)?
-31
Let x(j) = -134070*j - 536361. Give x(-4).
-81
Let m(g) = g**2 - 2937*g + 69914. What is m(24)?
2
Let b(l) = -2*l**3 + 391*l**2 - 3181*l + 382. What is b(187)?
8
Let d(h) = 337*h**3 + 11119*h**2 - 73*h - 250. Give d(-33).
-19
Let s(p) = p**3 - 7*p**2 - 254*p + 1400. What is s(6)?
-160
Let t(n) = 2*n**2 + 3941*n + 74389. Calculate t(-19).
232
Let v(u) = -2*u**3 + 764*u**2 + 757*u + 3211. Give v(383).
-236
Let z(y) = 3*y**3 - 77*y**2 - 84*y + 420. Determine z(28).
3556
Let i(d) = -180*d**2 + 49*d + 25. What is i(1)?
-106
Let j(b) = 3*b**3 + 50*b**2 - 628*b - 57. Calculate j(-25).
18
Let x(i) = -i**2 + 3233*i + 35624. Give x(-11).
-60
Let s(n) = -11*n**3 + 1457*n**2 - 5684*n + 123. Give s(4).
-5
Let p(u) = -68*u - 8564. Give p(-126).
4
Let a(j) = -76*j + 5296. Calculate a(33).
2788
Let z(g) = 15244*g + 45713. Give z(-3).
-19
Let p(q) = q**3 - 50*q**2 + 18*q + 1049. Give p(5).
14
Let m(n) = -n**3 + 36*n**2 + 157*n - 3082. Calculate m(8).
-34
Let s(x) = 2*x**3 - 325*x**2 + 233